n a composite number?
False
Let c be ((-18)/(-24))/((-14)/(-32))*14. Let j be 4/6 - 12016/c. Let i = 793 + j. Is i a composite number?
False
Suppose -903 = 6*k - 1023. Let q = k + 11. Is q composite?
False
Let a(n) = -1181*n**3 - 11*n**2 + 53*n + 79. Is a(-8) composite?
False
Let r = 1021221 + -609592. Is r a prime number?
False
Suppose p + p - 16 = 0. Let h = -5 + p. Is (-26397)/(-84) - (h/4)/3 a composite number?
True
Let f(v) = 589128*v + 37. Is f(1) a prime number?
False
Suppose 0 = 4*s + 4*m + 12, 2*s = -s - m - 3. Suppose s = 5*c + 5*y - 25510, -5*c + 2*y = -0*y - 25489. Is c prime?
True
Let u = -596070 - -1461409. Is u a prime number?
True
Let b(x) = -28*x - 7. Let l = -262 - -242. Is b(l) composite?
True
Let w(h) = 2530*h**2 - 16*h + 852*h**2 - 16 + 1028*h**2 + 6277*h**2. Is w(-1) prime?
True
Let j(u) = -u**3 + 14*u**2 - 9*u - 4. Let b be j(13). Let v(g) = 18*g**2 - 10*g - 43. Is v(b) prime?
True
Suppose -28*n + 24*n = 3*h - 16, -4*n + 5*h + 16 = 0. Suppose 3*y = -n*c + 13376 + 955, -3*y = -15. Is c a composite number?
True
Let p = 31764 - -1717. Is p a composite number?
True
Suppose -6*j - 48 = 0, -3*l + 4*j + 705773 + 1754748 = 0. Is l a composite number?
False
Let y be ((-1463)/(-14) - 8)*162. Suppose 2*v + 46964 = 5*v - 2*o, v - 5*o = y. Is v a composite number?
True
Let p(o) = 250*o**3 - 4*o**2 - 8*o - 169. Is p(12) a prime number?
False
Suppose j = -3*d + 127826 + 217281, 4*d = -2*j + 690230. Is j a prime number?
False
Let y(c) = -c**3 - 5*c**2 + 2*c + 7. Let b be y(-5). Let z(h) = -94*h + 22*h + 23 - 10 - 10 - 8. Is z(b) composite?
False
Let q(b) = -7*b**3 + b**2 - b + 1. Suppose -3*h - v + 6 = 0, 3*h = 3*v + 2*v - 12. Let z be q(h). Is (879/(-6))/(3/z) a prime number?
True
Let i(s) = 20*s**2 + 258*s**3 - 10 - s + 12*s - 19*s**2 + 6*s + 3. Is i(5) a composite number?
False
Let r be 2 + 72/(-28) - 18/42. Let i be 115/23 - (-3 - r). Suppose i*k - 15607 = -3378. Is k a composite number?
False
Suppose 0 = -0*l + l - 3. Suppose 0 = -4*b + l*c + 3588, -2357 = -5*b + c + 2117. Suppose -b = -3*d + 5*k, 0 = d - 2*k + 5*k - 298. Is d a composite number?
True
Let s = -2769 - 827. Let u = s + 6357. Is u prime?
False
Suppose -8*w + 11*w + 123782 = 5*w. Is w prime?
False
Suppose -14*z = -11*z - 18. Suppose 2*n - z = -4. Is (-1)/(6/(-6690)*n) a composite number?
True
Suppose 31*g + 945627 - 234361 = 33*g. Is g a prime number?
True
Let k(t) be the first derivative of -11*t**4/4 + t**3/3 - 5*t**2 - 2*t - 18. Let r be k(-5). Suppose -10*a = r - 6358. Is a composite?
False
Suppose 0 = 3*x + v - 16, -x - 4 = -5*v + 3*v. Suppose -x*m - 2 = w + 53, 80 = -4*m + 4*w. Is (m/6 + 1)*26234/(-39) composite?
False
Let g be (1/(-2))/((-4)/14584). Let h = -358 + g. Suppose n + h = 4*n - 2*f, 0 = -4*n + f + 1955. Is n a composite number?
True
Let z(l) = -l**3 - l**2 - l - 1. Let w be z(0). Let t = 2112 + -2184. Is (-3 - (-1 + w) - t)*5 a prime number?
False
Is (2 + 2/4)*(222059 + -1) composite?
True
Suppose -46*b + 44 = -35*b. Let z(d) = -7*d + 11. Let m(c) = 6*c - 12. Let k(l) = -4*m(l) - 5*z(l). Is k(b) a composite number?
False
Suppose -w - 5*k - 139 = 0, 6*k = -3*w + 7*k - 465. Let l = -148 - w. Let o(s) = 232*s - 79. Is o(l) composite?
True
Suppose 2*o + 5*l - 1044615 = 0, 2*o - 17*l - 1044610 = -21*l. Is o composite?
True
Let m = 238435 + 271336. Is m a composite number?
True
Suppose -7*f = -11*f + 12. Suppose -3*m = 5*d - 6, -f*d + 2*m = 3*m - 2. Let k(l) = -4*l + 1409. Is k(d) a composite number?
False
Let a(t) = -t**2 - 3*t + 1. Let u be a(-2). Let n(c) = 26*c**3 - 4*c**2 + 3*c - 2. Is n(u) prime?
True
Let w(y) = 1141*y**3 + 3*y**2 - 2*y + 11. Let f be w(5). Suppose 21*n - f = 13350. Is n prime?
False
Suppose 4179 = d - 4*l, 4*d - 5*l - 8349 = 2*d. Suppose -2*h + 5*v + 4586 = -3760, -h + v + d = 0. Is h composite?
True
Let u = -63217 - -140559. Is u a composite number?
True
Let o be (868/42)/((-2)/(-6)). Let y = -60 + o. Suppose -y*u = w - 6251, -18749 = -0*w - 3*w - 4*u. Is w a prime number?
True
Let j = 48172 - -16575. Is j a composite number?
False
Suppose 128 = -17*x + 13*x. Let z be (-2)/(-4) + 3915/(-2). Is z/(-3) - x/48 a composite number?
False
Let g = 13929 + 11128. Is g a prime number?
True
Suppose 49*y - 50*y + 5 = 0. Suppose h = -y, -q - 4*q + 16460 = h. Is q prime?
False
Suppose 0 = 5*q + b - 27, 3*q - 5*b - 1 = 4. Let y(m) = 0 + 4*m + q - 37*m + 3. Is y(-13) a composite number?
True
Is 125013/6*(16 + -14)/1 a composite number?
True
Suppose 0 = 1892*l - 1919*l + 270567. Is l a prime number?
False
Let q be -4 - (-8 + (5 - (3 + 1))). Suppose q*y + c + 1774 = 18996, 2*y - 3*c - 11485 = 0. Suppose k - 6*k = -4*a + y, -k = 2*a - 2881. Is a composite?
False
Let n(x) = -411*x**2 - 9*x + 21. Let v be n(2). Let m = 9800 + v. Is m a composite number?
True
Let f be ((-4)/20 - 2/(-10))/2. Suppose f = 2*m - 8119 - 6351. Is m a prime number?
False
Let a(z) = 1. Let g(f) = f + 4. Let n(m) = 5*a(m) + g(m). Let l be n(-10). Let y(w) = -164*w - 1. Is y(l) prime?
True
Let o(c) = 29*c**2 - 701*c + 355. Is o(102) a prime number?
False
Suppose -222810 - 506073 = -10*u - 20933. Is u prime?
False
Suppose 4*j + 2*w - 2 = 0, -2*w = 3*j + 2*w + 6. Suppose 4*r + 32 = 2*r. Is r/4 + 5 + 792/j a composite number?
False
Suppose 0 = 2*n + 4*g - 84934, 16 = 9*g - 5*g. Is n a prime number?
False
Suppose 10*s - 9*s = 7. Suppose -q - 2*w + s*w = -15, 6 = -2*w. Suppose 10*v + 0*v - 550 = q. Is v a composite number?
True
Let j(u) = -u**3 - 8*u**2 + 24*u + 352091. Is j(0) prime?
False
Let a(u) = -u**3 - u**2 + 2*u + 2. Suppose -1 = -5*o + 4*i + 7, 3*i + 6 = -o. Let c be a(o). Suppose c*v - 19 = 483. Is v a prime number?
True
Let a be -4*(2/8 + 0). Let v(z) be the first derivative of -1026*z**2 + z + 70. Is v(a) prime?
True
Let z = -755511 - -1167830. Is z a composite number?
True
Is (-183507)/(-2)*(10/15 + 0) a prime number?
True
Let c(t) = 12*t - 32. Let y be c(20). Let k = -331 + y. Is (4 - k) + (-1 - -1) prime?
True
Let k(h) = -499*h**3 - 13*h**2 - 170*h - 103. Is k(-12) a composite number?
True
Suppose -75*n + 3300185 = 1769407 - 3861197. Is n a prime number?
False
Let q = 117 - 82. Suppose 21 = 7*j - q. Suppose j*a - 2301 = 2395. Is a composite?
False
Let z(r) = -40*r - 43. Let d be z(-2). Let t(j) = j**3 - 38*j**2 + 46*j + 74. Is t(d) a composite number?
True
Suppose 96 = -7*v + 446. Let l = v - 50. Suppose 4*g + 2*t = 31664, l*g - 2*g + 15822 = -4*t. Is g composite?
True
Let o = -369844 + 684941. Is o a composite number?
False
Let k = 811810 + 382429. Is k composite?
True
Let g = -41 - -23. Let j = g + -27. Is (-1)/1*-5*(-2763)/j a composite number?
False
Let d be -1 + -1 + 17165 - 490/(-98). Suppose d = u + 3*i, 2*u + 9*i - 34376 = 11*i. Is u prime?
True
Suppose 0*m - m = -2*t + 11, t - 4*m = 16. Suppose -5*i + 12439 = t*s, 0 = i + 4*s + 294 - 2785. Suppose 3*g - i = 3648. Is g composite?
True
Suppose -4*r = -16, -4*b = -r + 1614 - 69738. Let c = 51786 - b. Is c a prime number?
False
Let b be (-10)/15 - (-7)/(-21). Is -141*2/18*33*b composite?
True
Let s = -147054 - -291949. Is s a prime number?
False
Suppose 0 = -13*h + 3*h. Let c be h/(1 + 0 + 1). Suppose -4*l = 3*n - 1131, 5*n + c*l - 1911 = 2*l. Is n prime?
False
Let k = 63079 + 19134. Is k composite?
True
Let r = 290 - -1793. Let z = 4586 - r. Is z a composite number?
False
Suppose -4*h + 166 = 2*b - 134, -4*b = -h + 57. Suppose -57*j = -h*j + 30992. Is j composite?
True
Let m(z) = -4*z**2 - 77*z - 22. Let p be m(-12). Suppose -12*d = -p - 26302. Is d a prime number?
False
Suppose 461 = -3*r + 2*a, -5*r = -a + 4*a + 743. Let n = 235 - 220. Is r*(-5)/15*n a prime number?
False
Suppose -5*i + 2*v - 25 = 0, 4*i + 18*v + 33 = 17*v. Let p(d) = -4*d**3 - 25*d**2 - 16*d + 4. Is p(i) composite?
False
Suppose -o + 3 + 2 = 0. Suppose o*i - 4385 = -0*i. Is i composite?
False
Suppose 6859 = 2*o - 34243. Let l = o + -5702. Is l a prime number?
False
Suppose 2*p + 2*j - 180 = -3*p, -p + 36 = 3*j. Let v be (8/5)/(p/90). Let u(n) = 12*n**3 - 3*n**2 - 5*n + 1. Is u(v) a prime number?
True
Suppose 5*k - 48154 = -17414. Suppose 27*l = 31*l - k. Is l a composite number?
True
Let x(s) = 28*s**3 - 10*s**2 + 8*s - 2. Let l be x(7). Suppose 0 = 3*z - z - o - l, 2*z = 5*o + 9176. Is z composite?
False
Is -6 + (296/(-12))/(46/(-98049)) 